of 187 and 1921?
17
Calculate the greatest common divisor of 164 and 287.
41
Calculate the highest common factor of 33 and 6.
3
Calculate the greatest common divisor of 104 and 52.
52
What is the highest common divisor of 18168 and 120?
24
Calculate the greatest common divisor of 1746 and 126.
18
What is the highest common factor of 583 and 33?
11
Calculate the highest common divisor of 24 and 33576.
24
What is the greatest common factor of 351 and 62829?
351
What is the greatest common factor of 81 and 297?
27
Calculate the highest common divisor of 67 and 88373.
67
Calculate the highest common factor of 80 and 1088.
16
Calculate the greatest common divisor of 100 and 500.
100
Calculate the highest common divisor of 171 and 27.
9
Calculate the greatest common divisor of 1631 and 7.
7
What is the greatest common factor of 15 and 3765?
15
What is the greatest common factor of 2881 and 43?
43
What is the highest common divisor of 3260 and 20?
20
Calculate the highest common factor of 22 and 16126.
22
What is the greatest common divisor of 176 and 572?
44
Calculate the greatest common divisor of 1 and 656.
1
What is the greatest common factor of 390 and 6825?
195
Calculate the highest common factor of 93 and 19561.
31
What is the greatest common factor of 28 and 8204?
28
Calculate the highest common divisor of 1225 and 25.
25
Calculate the highest common divisor of 26 and 2366.
26
Calculate the greatest common factor of 39 and 12.
3
Calculate the highest common divisor of 2688 and 21.
21
What is the greatest common divisor of 120 and 96?
24
What is the greatest common factor of 2802 and 3?
3
Calculate the greatest common divisor of 261 and 9.
9
Calculate the highest common factor of 1182 and 6.
6
What is the greatest common factor of 5 and 145?
5
Calculate the greatest common factor of 25645 and 115.
115
What is the highest common factor of 1122 and 255?
51
Calculate the greatest common divisor of 72 and 468.
36
What is the highest common factor of 12195 and 360?
45
Calculate the greatest common divisor of 815 and 3749.
163
Calculate the highest common factor of 828 and 46.
46
What is the highest common factor of 130 and 26?
26
What is the highest common divisor of 120 and 24072?
24
Calculate the highest common divisor of 1440 and 270.
90
Calculate the highest common factor of 82 and 77162.
82
What is the highest common divisor of 456 and 2166?
114
Calculate the highest common factor of 29 and 1537.
29
What is the greatest common factor of 175 and 140?
35
What is the greatest common factor of 1947 and 708?
177
What is the greatest common divisor of 276 and 1740?
12
Calculate the highest common factor of 371 and 53.
53
Calculate the highest common divisor of 312 and 5850.
78
What is the greatest common divisor of 10 and 730?
10
Calculate the greatest common divisor of 275 and 110.
55
Calculate the highest common factor of 416 and 1976.
104
What is the highest common divisor of 47660 and 20?
20
Calculate the highest common divisor of 69 and 12.
3
What is the highest common factor of 413 and 203?
7
Calculate the highest common divisor of 127 and 7747.
127
What is the greatest common divisor of 34 and 1241?
17
Calculate the greatest common factor of 342 and 1764.
18
What is the greatest common factor of 72659 and 113?
113
Calculate the greatest common factor of 415 and 15.
5
Calculate the greatest common divisor of 119 and 34.
17
Calculate the greatest common factor of 1155 and 308.
77
What is the greatest common divisor of 14 and 266?
14
Calculate the highest common factor of 682 and 62.
62
What is the greatest common divisor of 150 and 64?
2
Calculate the greatest common divisor of 1320 and 195.
15
Calculate the greatest common factor of 578 and 20519.
289
Calculate the greatest common factor of 18 and 54.
18
What is the highest common divisor of 50 and 125?
25
What is the highest common divisor of 176 and 374?
22
Calculate the highest common divisor of 244 and 122.
122
What is the highest common factor of 29 and 667?
29
What is the greatest common factor of 12035 and 145?
145
Calculate the highest common divisor of 2658 and 6.
6
What is the greatest common factor of 888 and 264?
24
Calculate the greatest common divisor of 5 and 71250.
5
Calculate the greatest common divisor of 27 and 54.
27
Calculate the greatest common divisor of 24 and 111.
3
Calculate the greatest common divisor of 136 and 144.
8
Calculate the highest common divisor of 2 and 419.
1
What is the greatest common divisor of 118 and 14?
2
What is the greatest common factor of 330 and 154?
22
What is the highest common divisor of 7533 and 648?
81
What is the highest common factor of 50 and 370?
10
What is the highest common factor of 3 and 846?
3
Calculate the greatest common factor of 410 and 205.
205
Calculate the highest common factor of 488 and 4758.
122
What is the highest common divisor of 78 and 598?
26
Calculate the highest common factor of 48 and 432.
48
What is the highest common factor of 62 and 8525?
31
What is the greatest common divisor of 4 and 484?
4
What is the greatest common divisor of 16 and 35408?
16
What is the highest common factor of 59 and 2773?
59
Calculate the greatest common divisor of 99 and 81.
9
What is the greatest common factor of 47 and 13771?
47
Calculate the greatest common factor of 27 and 38043.
27
Calculate the highest common factor of 819 and 63.
63
Calculate the greatest common factor of 84 and 1212.
12
What is the greatest common divisor of 39 and 17849?
13
Calculate the highest common divisor of 182 and 56.
14
Calculate the highest common divisor of 241 and 11327.
241
Calculate the greatest common factor of 5 and 22595.
5
What is the greatest common factor of 2 and 70?
2
What is the greatest common factor of 173 and 9169?
173
Calculate the greatest common factor of 129 and 9417.
129
Calculate the greatest common divisor of 368 and 1886.
46
What is the highest common factor of 10 and 11030?
10
What is the highest common divisor of 20 and 13960?
20
What is the highest common divisor of 93 and 303?
3
Calculate the greatest common factor of 17 and 70516.
17
Calculate the greatest common divisor of 20 and 860.
20
Calculate the greatest common divisor of 2 and 146.
2
What is the highest common factor of 1302 and 42?
42
Calculate the greatest common factor of 41 and 1189.
41
What is the highest common factor of 50 and 550?
50
Calculate the greatest common divisor of 12 and 23412.
12
Calculate the highest common divisor of 37 and 333.
37
Calculate the highest common factor of 688 and 43.
43
What is the highest common divisor of 95 and 19?
19
What is the greatest common factor of 15 and 3?
3
What is the highest common divisor of 9599 and 87?
29
Calculate the greatest common factor of 414 and 115.
23
Calculate the highest common divisor of 10815 and 105.
105
What is the greatest common factor of 876 and 36?
12
What is the highest common factor of 2400 and 96?
96
Calculate the greatest common factor of 8448 and 88.
88
What is the highest common factor of 108 and 84?
12
Calculate the highest common divisor of 136 and 4.
4
Calculate the highest common divisor of 9 and 81.
9
What is the greatest common divisor of 4608 and 18?
18
Calculate the highest common factor of 1243 and 11.
11
Calculate the greatest common divisor of 851 and 23.
23
What is the highest common factor of 16119 and 81?
81
What is the highest common factor of 111 and 10767?
111
Calculate the greatest common factor of 58 and 10.
2
What is the greatest common divisor of 15 and 2435?
5
What is the greatest common factor of 60 and 198?
6
What is the greatest common divisor of 60 and 1920?
60
What is the highest common factor of 70 and 30?
10
What is the greatest common factor of 2775 and 111?
111
What is the highest common factor of 319 and 66?
11
Calculate the highest common divisor of 45 and 27.
9
What is the greatest common factor of 5 and 965?
5
What is the greatest common factor of 260 and 2060?
20
Calculate the greatest common divisor of 2525 and 6969.
101
Calculate the highest common factor of 14 and 315.
7
Calculate the greatest common factor of 278 and 2.
2
Calculate the highest common factor of 38 and 2033.
19
Calculate the highest common divisor of 474 and 632.
158
What is th